{"id":460,"date":"2025-03-13T10:31:21","date_gmt":"2025-03-13T09:31:21","guid":{"rendered":"https:\/\/utveckling.timecutcloud.com\/kinds\/?page_id=460"},"modified":"2026-04-20T16:02:23","modified_gmt":"2026-04-20T14:02:23","slug":"dodsannonser","status":"publish","type":"page","link":"https:\/\/utveckling.timecutcloud.com\/kinds\/begravningsgast\/dodsannonser\/","title":{"rendered":"Minnesrum &#8211; d\u00f6dsannonser"},"content":{"rendered":"\n<p>V\u00e4lkommen till minnesrummet.<\/p>\n\n\n\n<p>H\u00e4r s\u00f6ker du efter den avlidnes namn i rutan \u201dS\u00f6k minnesrum\u201d sedan klicka p\u00e5 det minnesrum du vill in i, d\u00e4r kan du l\u00e4sa annonsen, t\u00e4nda ett ljus, l\u00e4mna en minnesg\u00e5va, anm\u00e4la dig till minnesstund samt best\u00e4lla en blomma till begravningen eller till anh\u00f6riga.<br>I minnesrummet samlas vi och minns. H\u00e4r \u00e4r en plats d\u00e4r minnen, omtanke och k\u00e4rlek f\u00e5r leva vidare.<br>Vi uppmuntrar dig att dela dina tankar, skriva n\u00e5gra rader om ett fint minne eller kanske ladda upp en bild eller video som f\u00e5ngar en s\u00e4rskild stund.<br><br>Tillsammans skapar vi ett vackert rum fyllt av k\u00e4rlek till den vi minns.<br>Tack f\u00f6r att du \u00e4r med och g\u00f6r detta minnesrum till en plats f\u00f6r gemenskap och st\u00f6d.\u00a0\u00a0<\/p>\n\n\n\n<div class=\"wp-block-group is-content-justification-right is-nowrap is-layout-flex wp-container-core-group-is-layout-fd526d70 wp-block-group-is-layout-flex\">\n<div class=\"wp-block-group\"><div class=\"wp-block-group__inner-container is-layout-constrained wp-block-group-is-layout-constrained\">\n<p class=\"has-text-align-right\"><br><a href=\"https:\/\/kinds.livsarkivet.se\/\" rel=\"noopener\">Hur vill du ha din begravning? Skanna QR koden och b\u00f6rja fyll i.<\/a> <\/p>\n<\/div><\/div>\n\n\n\n<figure class=\"wp-block-image size-full is-resized\"><img loading=\"lazy\" decoding=\"async\" width=\"400\" height=\"400\" src=\"https:\/\/utveckling.timecutcloud.com\/kinds\/wp-content\/uploads\/2025\/03\/QR_kod_kinds_livsarkivet.jpg\" alt=\"\" class=\"wp-image-524\" style=\"width:46px;height:auto\" srcset=\"https:\/\/utveckling.timecutcloud.com\/kinds\/wp-content\/uploads\/2025\/03\/QR_kod_kinds_livsarkivet.jpg 400w, https:\/\/utveckling.timecutcloud.com\/kinds\/wp-content\/uploads\/2025\/03\/QR_kod_kinds_livsarkivet-300x300.jpg 300w, https:\/\/utveckling.timecutcloud.com\/kinds\/wp-content\/uploads\/2025\/03\/QR_kod_kinds_livsarkivet-150x150.jpg 150w\" sizes=\"auto, (max-width: 400px) 100vw, 400px\" \/><\/figure>\n<\/div>\n\n\n\n<script src=\"https:\/\/client.memoriz.se\/client-memoriz-app\/load.js\"><\/script>\n<div agencytoken=\"30f4\" defaultlist=\"avatars\" primarycolor=\"#567E7A\" client=\"1\" debug=\"0\" id=\"client_memoriz_se__rootelement\"><\/div>\n","protected":false},"excerpt":{"rendered":"<p>V\u00e4lkommen till minnesrummet. H\u00e4r s\u00f6ker du efter den avlidnes namn i rutan \u201dS\u00f6k minnesrum\u201d sedan klicka p\u00e5 det minnesrum du vill in i, d\u00e4r kan du l\u00e4sa annonsen, t\u00e4nda ett ljus, l\u00e4mna en minnesg\u00e5va, anm\u00e4la dig till minnesstund samt best\u00e4lla en blomma till begravningen eller till anh\u00f6riga.I minnesrummet samlas vi och minns. H\u00e4r \u00e4r en [&hellip;]<\/p>\n","protected":false},"author":1,"featured_media":0,"parent":792,"menu_order":4,"comment_status":"closed","ping_status":"closed","template":"page-fullbredd.php","meta":{"_acf_changed":false,"footnotes":""},"class_list":["post-460","page","type-page","status-publish","hentry"],"acf":[],"_links":{"self":[{"href":"https:\/\/utveckling.timecutcloud.com\/kinds\/wp-json\/wp\/v2\/pages\/460","targetHints":{"allow":["GET"]}}],"collection":[{"href":"https:\/\/utveckling.timecutcloud.com\/kinds\/wp-json\/wp\/v2\/pages"}],"about":[{"href":"https:\/\/utveckling.timecutcloud.com\/kinds\/wp-json\/wp\/v2\/types\/page"}],"author":[{"embeddable":true,"href":"https:\/\/utveckling.timecutcloud.com\/kinds\/wp-json\/wp\/v2\/users\/1"}],"replies":[{"embeddable":true,"href":"https:\/\/utveckling.timecutcloud.com\/kinds\/wp-json\/wp\/v2\/comments?post=460"}],"version-history":[{"count":15,"href":"https:\/\/utveckling.timecutcloud.com\/kinds\/wp-json\/wp\/v2\/pages\/460\/revisions"}],"predecessor-version":[{"id":1070,"href":"https:\/\/utveckling.timecutcloud.com\/kinds\/wp-json\/wp\/v2\/pages\/460\/revisions\/1070"}],"up":[{"embeddable":true,"href":"https:\/\/utveckling.timecutcloud.com\/kinds\/wp-json\/wp\/v2\/pages\/792"}],"wp:attachment":[{"href":"https:\/\/utveckling.timecutcloud.com\/kinds\/wp-json\/wp\/v2\/media?parent=460"}],"curies":[{"name":"wp","href":"https:\/\/api.w.org\/{rel}","templated":true}]}}