{"id":523,"date":"2025-03-13T10:43:28","date_gmt":"2025-03-13T09:43:28","guid":{"rendered":"https:\/\/utveckling.timecutcloud.com\/kinds\/?page_id=523"},"modified":"2025-04-23T13:15:33","modified_gmt":"2025-04-23T11:15:33","slug":"livsarkivet","status":"publish","type":"page","link":"https:\/\/utveckling.timecutcloud.com\/kinds\/planera-i-livet\/livsarkivet\/","title":{"rendered":"Livsarkivet"},"content":{"rendered":"\n<p>Att planera f\u00f6r framtiden handlar inte bara om praktiska detaljer \u2013 det \u00e4r ett s\u00e4tt att visa omtanke om dem vi l\u00e4mnar efter oss.<br>I Livsarkivet har du m\u00f6jlighet att formulera dina \u00f6nskem\u00e5l om begravning och gravplats. Du kan l\u00e4mna viktiga besked om f\u00f6rs\u00e4kringar och bekr\u00e4fta att du skrivit ett testamente genom en kopia av detta. Du kan tala om hur du \u00f6nskar g\u00f6ra med dina <em><strong>sociala medier<\/strong><\/em> den dagen du inte finns mer. Ska de \u00e4ndras till en <em><strong>minnessida eller st\u00e4ngas ner<\/strong><\/em>?<\/p>\n\n\n\n<p><em><strong>Och kom ih\u00e5g:<\/strong><\/em> ett avsked beh\u00f6ver inte f\u00f6lja traditionerna. Vill du ha en fest ist\u00e4llet f\u00f6r en traditionell begravning? Inget \u00e4r om\u00f6jligt \u2013 det \u00e4r bara fantasin som s\u00e4tter gr\u00e4nser. Vi hj\u00e4lper dig att skapa ett personligt och minnesv\u00e4rt avsked, precis som du \u00f6nskar.<br>Vi erbjuder en 30 minuters gratis konsultation via telefon, digitalt via Teams eller s\u00e5 \u00e4r du varmt v\u00e4lkommen in till oss. Vi bjuder g\u00e4rna p\u00e5 kaffe och fika \u2013 f\u00f6rbokning kr\u00e4vs.<br>Du beh\u00e5ller originalet, och vi kan f\u00f6rvara en kopia som kan revideras vid behov men ocks\u00e5 l\u00e4tt tas fram n\u00e4r det blir aktuellt. Livsarkivet kan fyllas i digitalt, men det g\u00e5r lika bra att skriva ut och fylla i f\u00f6r hand. Om du vill kan du l\u00e4mna det till oss f\u00f6r trygg dokumentbevakning, s\u00e5 att det alltid finns tillg\u00e4ngligt n\u00e4r det beh\u00f6vs.<\/p>\n\n\n\n<p>V\u00e4lkommen!<\/p>\n\n\n\n<p><a href=\"http:\/\/www.begravningar.se\/olika-kulturer\" target=\"_blank\" rel=\"noreferrer noopener\">Livsarkivet finns p\u00e5 m\u00e5nga olika spr\u00e5k &gt;&gt;<\/a><\/p>\n\n\n\n<p>H\u00e4r f\u00e5r du fr\u00e5gor och svar om Livsarkivet;<br><a href=\"https:\/\/crm.begravningar.se\/inet\/22143a94956b07f2a6ec0b84ccb241dd.pdf\" target=\"_blank\" rel=\"noreferrer noopener\">Ladda ner fr\u00e5gor och svar h\u00e4r &gt;&gt;<\/a><\/p>\n\n\n\n<p>Scanna QR koden med din telefon och fyll i Livsarkivet direkt.<\/p>\n\n\n\n<figure class=\"wp-block-image size-full is-resized\"><img loading=\"lazy\" decoding=\"async\" width=\"400\" height=\"400\" src=\"https:\/\/utveckling.timecutcloud.com\/kinds\/wp-content\/uploads\/2025\/03\/QR_kod_kinds_livsarkivet.jpg\" alt=\"\" class=\"wp-image-524\" style=\"width:167px;height:auto\" srcset=\"https:\/\/utveckling.timecutcloud.com\/kinds\/wp-content\/uploads\/2025\/03\/QR_kod_kinds_livsarkivet.jpg 400w, https:\/\/utveckling.timecutcloud.com\/kinds\/wp-content\/uploads\/2025\/03\/QR_kod_kinds_livsarkivet-300x300.jpg 300w, https:\/\/utveckling.timecutcloud.com\/kinds\/wp-content\/uploads\/2025\/03\/QR_kod_kinds_livsarkivet-150x150.jpg 150w\" sizes=\"auto, (max-width: 400px) 100vw, 400px\" \/><\/figure>\n\n\n\n<h3 class=\"wp-block-heading\"><a href=\"https:\/\/kinds.livsarkivet.se\/\" target=\"_blank\" rel=\"noreferrer noopener\">Fyll i livsarkivet &gt;&gt;<\/a><\/h3>\n\n\n\n<h3 class=\"wp-block-heading\">Min begravning &#8211; En del av Livsarkivet<\/h3>\n\n\n\n<p>Inneh\u00e5ller endast \u00f6nskem\u00e5l om&nbsp;begravningen.<\/p>\n\n\n\n<p><a href=\"https:\/\/www.begravningar.se\/broschyrer-och-skrifter\/min-begravning-en-del-av-livsarkivet\" target=\"_blank\" rel=\"noreferrer noopener\">Fyll i Min begravning &gt;&gt;<\/a><\/p>\n\n\n\n<h3 class=\"wp-block-heading\">Livsviktigt &#8211; Vill du donera dina organ?<\/h3>\n\n\n\n<p><a href=\"https:\/\/www.socialstyrelsen.se\/ansok-och-anmal\/anmal\/donationsregistret\/\" rel=\"noopener\">L\u00e4s mer p\u00e5 Livsviktigt.se &gt;&gt;<\/a><\/p>\n\n\n\n<h3 class=\"wp-block-heading\">Dokumentbevakningen<\/h3>\n\n\n\n<p>Vad g\u00f6r det f\u00f6r nytta att skriva livsviktiga papper om de inte kommer fram n\u00e4r du d\u00f6r?<br>G\u00f6r som alla andra, l\u00e4gg in&nbsp;t ex Livsarkiv, testamenten, g\u00e5vobrev, gravbrev, lagfarter etc. i dokumentbevakningen. Kontakta oss f\u00f6r mer information.<\/p>\n","protected":false},"excerpt":{"rendered":"<p>Att planera f\u00f6r framtiden handlar inte bara om praktiska detaljer \u2013 det \u00e4r ett s\u00e4tt att visa omtanke om dem vi l\u00e4mnar efter oss.I Livsarkivet har du m\u00f6jlighet att formulera dina \u00f6nskem\u00e5l om begravning och gravplats. Du kan l\u00e4mna viktiga besked om f\u00f6rs\u00e4kringar och bekr\u00e4fta att du skrivit ett testamente genom en kopia av detta. [&hellip;]<\/p>\n","protected":false},"author":1,"featured_media":0,"parent":711,"menu_order":0,"comment_status":"closed","ping_status":"closed","template":"","meta":{"_acf_changed":false,"footnotes":""},"class_list":["post-523","page","type-page","status-publish","hentry"],"acf":[],"_links":{"self":[{"href":"https:\/\/utveckling.timecutcloud.com\/kinds\/wp-json\/wp\/v2\/pages\/523","targetHints":{"allow":["GET"]}}],"collection":[{"href":"https:\/\/utveckling.timecutcloud.com\/kinds\/wp-json\/wp\/v2\/pages"}],"about":[{"href":"https:\/\/utveckling.timecutcloud.com\/kinds\/wp-json\/wp\/v2\/types\/page"}],"author":[{"embeddable":true,"href":"https:\/\/utveckling.timecutcloud.com\/kinds\/wp-json\/wp\/v2\/users\/1"}],"replies":[{"embeddable":true,"href":"https:\/\/utveckling.timecutcloud.com\/kinds\/wp-json\/wp\/v2\/comments?post=523"}],"version-history":[{"count":18,"href":"https:\/\/utveckling.timecutcloud.com\/kinds\/wp-json\/wp\/v2\/pages\/523\/revisions"}],"predecessor-version":[{"id":1019,"href":"https:\/\/utveckling.timecutcloud.com\/kinds\/wp-json\/wp\/v2\/pages\/523\/revisions\/1019"}],"up":[{"embeddable":true,"href":"https:\/\/utveckling.timecutcloud.com\/kinds\/wp-json\/wp\/v2\/pages\/711"}],"wp:attachment":[{"href":"https:\/\/utveckling.timecutcloud.com\/kinds\/wp-json\/wp\/v2\/media?parent=523"}],"curies":[{"name":"wp","href":"https:\/\/api.w.org\/{rel}","templated":true}]}}