{"id":534,"date":"2025-03-13T10:44:52","date_gmt":"2025-03-13T09:44:52","guid":{"rendered":"https:\/\/utveckling.timecutcloud.com\/kinds\/?page_id=534"},"modified":"2025-03-13T10:44:54","modified_gmt":"2025-03-13T09:44:54","slug":"din-egen-gravsten","status":"publish","type":"page","link":"https:\/\/utveckling.timecutcloud.com\/kinds\/planera-i-livet\/din-egen-gravsten\/","title":{"rendered":"Din egen gravsten?"},"content":{"rendered":"\n<p>Att fundera \u00f6ver sin egen gravsten \u00e4r ocks\u00e5 s\u00e5dant som man skjuter framf\u00f6r sig. Men g\u00f6r du det nu, slipper dina anh\u00f6riga sv\u00e4va i okunnighet om dina \u00f6nskem\u00e5l den dagen du inte l\u00e4ngre finns. Skriften &#8221;Stenar ber\u00e4ttar&#8221; \u00e4r t\u00e4nkt som en inspirationsk\u00e4lla inf\u00f6r valet av gravsten. V\u00e4lkommen in till oss p\u00e5 Kinds Begravningsbyr\u00e5 och h\u00e4mta ditt exemplar av skriften.<\/p>\n","protected":false},"excerpt":{"rendered":"<p>Att fundera \u00f6ver sin egen gravsten \u00e4r ocks\u00e5 s\u00e5dant som man skjuter framf\u00f6r sig. Men g\u00f6r du det nu, slipper dina anh\u00f6riga sv\u00e4va i okunnighet om dina \u00f6nskem\u00e5l den dagen du inte l\u00e4ngre finns. Skriften &#8221;Stenar ber\u00e4ttar&#8221; \u00e4r t\u00e4nkt som en inspirationsk\u00e4lla inf\u00f6r valet av gravsten. V\u00e4lkommen in till oss p\u00e5 Kinds Begravningsbyr\u00e5 och h\u00e4mta [&hellip;]<\/p>\n","protected":false},"author":1,"featured_media":0,"parent":711,"menu_order":1,"comment_status":"closed","ping_status":"closed","template":"","meta":{"_acf_changed":false,"footnotes":""},"class_list":["post-534","page","type-page","status-publish","hentry"],"acf":[],"_links":{"self":[{"href":"https:\/\/utveckling.timecutcloud.com\/kinds\/wp-json\/wp\/v2\/pages\/534","targetHints":{"allow":["GET"]}}],"collection":[{"href":"https:\/\/utveckling.timecutcloud.com\/kinds\/wp-json\/wp\/v2\/pages"}],"about":[{"href":"https:\/\/utveckling.timecutcloud.com\/kinds\/wp-json\/wp\/v2\/types\/page"}],"author":[{"embeddable":true,"href":"https:\/\/utveckling.timecutcloud.com\/kinds\/wp-json\/wp\/v2\/users\/1"}],"replies":[{"embeddable":true,"href":"https:\/\/utveckling.timecutcloud.com\/kinds\/wp-json\/wp\/v2\/comments?post=534"}],"version-history":[{"count":1,"href":"https:\/\/utveckling.timecutcloud.com\/kinds\/wp-json\/wp\/v2\/pages\/534\/revisions"}],"predecessor-version":[{"id":537,"href":"https:\/\/utveckling.timecutcloud.com\/kinds\/wp-json\/wp\/v2\/pages\/534\/revisions\/537"}],"up":[{"embeddable":true,"href":"https:\/\/utveckling.timecutcloud.com\/kinds\/wp-json\/wp\/v2\/pages\/711"}],"wp:attachment":[{"href":"https:\/\/utveckling.timecutcloud.com\/kinds\/wp-json\/wp\/v2\/media?parent=534"}],"curies":[{"name":"wp","href":"https:\/\/api.w.org\/{rel}","templated":true}]}}