{"id":538,"date":"2025-03-13T10:45:31","date_gmt":"2025-03-13T09:45:31","guid":{"rendered":"https:\/\/utveckling.timecutcloud.com\/kinds\/?page_id=538"},"modified":"2026-02-23T14:10:19","modified_gmt":"2026-02-23T13:10:19","slug":"en-forsakran-om-att-pengar-finns","status":"publish","type":"page","link":"https:\/\/utveckling.timecutcloud.com\/kinds\/planera-i-livet\/en-forsakran-om-att-pengar-finns\/","title":{"rendered":"En f\u00f6rs\u00e4kran om att pengar finns"},"content":{"rendered":"\n<p>Det finns flera alternativ att ordna s\u00e5 att det finns pengar till begravningen. Det vanligaste \u00e4r att pengar tas ur d\u00f6dsboet, d v s den avlidnes efterl\u00e4mnade tillg\u00e5ngar. Det inneb\u00e4r att de efterlevande kan best\u00e4mma begravningens omfattning \u2013 om inte den avlidne varit f\u00f6rutseende och nedtecknat sina \u00f6nskem\u00e5l i Livsarkivet. Vill man vara s\u00e4ker p\u00e5 att en viss summa pengar finns avsatta f\u00f6r den egna begravningen, vad som \u00e4n h\u00e4nder, tecknar man en begravningsf\u00f6rs\u00e4kring.<\/p>\n\n\n\n<p>H\u00e4r kan du l\u00e4sa mer om \u201d<a href=\"https:\/\/utveckling.timecutcloud.com\/kinds\/vid-dodsfall\/broschyrer-och-skrifter\/\" target=\"_blank\" data-type=\"page\" data-id=\"155\" rel=\"noreferrer noopener\">Memento Begravningsf\u00f6rs\u00e4kring<\/a>\u201d.<\/p>\n","protected":false},"excerpt":{"rendered":"<p>Det finns flera alternativ att ordna s\u00e5 att det finns pengar till begravningen. Det vanligaste \u00e4r att pengar tas ur d\u00f6dsboet, d v s den avlidnes efterl\u00e4mnade tillg\u00e5ngar. Det inneb\u00e4r att de efterlevande kan best\u00e4mma begravningens omfattning \u2013 om inte den avlidne varit f\u00f6rutseende och nedtecknat sina \u00f6nskem\u00e5l i Livsarkivet. Vill man vara s\u00e4ker p\u00e5 [&hellip;]<\/p>\n","protected":false},"author":1,"featured_media":0,"parent":711,"menu_order":2,"comment_status":"closed","ping_status":"closed","template":"","meta":{"_acf_changed":false,"footnotes":""},"class_list":["post-538","page","type-page","status-publish","hentry"],"acf":[],"_links":{"self":[{"href":"https:\/\/utveckling.timecutcloud.com\/kinds\/wp-json\/wp\/v2\/pages\/538","targetHints":{"allow":["GET"]}}],"collection":[{"href":"https:\/\/utveckling.timecutcloud.com\/kinds\/wp-json\/wp\/v2\/pages"}],"about":[{"href":"https:\/\/utveckling.timecutcloud.com\/kinds\/wp-json\/wp\/v2\/types\/page"}],"author":[{"embeddable":true,"href":"https:\/\/utveckling.timecutcloud.com\/kinds\/wp-json\/wp\/v2\/users\/1"}],"replies":[{"embeddable":true,"href":"https:\/\/utveckling.timecutcloud.com\/kinds\/wp-json\/wp\/v2\/comments?post=538"}],"version-history":[{"count":2,"href":"https:\/\/utveckling.timecutcloud.com\/kinds\/wp-json\/wp\/v2\/pages\/538\/revisions"}],"predecessor-version":[{"id":1281,"href":"https:\/\/utveckling.timecutcloud.com\/kinds\/wp-json\/wp\/v2\/pages\/538\/revisions\/1281"}],"up":[{"embeddable":true,"href":"https:\/\/utveckling.timecutcloud.com\/kinds\/wp-json\/wp\/v2\/pages\/711"}],"wp:attachment":[{"href":"https:\/\/utveckling.timecutcloud.com\/kinds\/wp-json\/wp\/v2\/media?parent=538"}],"curies":[{"name":"wp","href":"https:\/\/api.w.org\/{rel}","templated":true}]}}