{"id":542,"date":"2025-03-13T10:46:05","date_gmt":"2025-03-13T09:46:05","guid":{"rendered":"https:\/\/utveckling.timecutcloud.com\/kinds\/?page_id=542"},"modified":"2025-03-30T14:21:08","modified_gmt":"2025-03-30T12:21:08","slug":"framtidsfullmakt","status":"publish","type":"page","link":"https:\/\/utveckling.timecutcloud.com\/kinds\/planera-i-livet\/framtidsfullmakt\/","title":{"rendered":"Framtidsfullmakt"},"content":{"rendered":"\n<h2 class=\"wp-block-heading\">Ta hand om dig sj\u00e4lv \u2013 innan n\u00e5gon annan g\u00f6r det.<\/h2>\n\n\n\n<p>Framtidsfullmakt \u00e4r ett nytt alternativ till god man och f\u00f6rvaltare. Du kan sj\u00e4lv v\u00e4lja vem eller vilka som har r\u00e4tt att fatta beslut \u00e5t dig senare i livet, n\u00e4r du inte l\u00e4ngre sj\u00e4lv har m\u00f6jlighet till detta. Det g\u00e4ller dina personliga och ekonomiska intressen. D\u00e4remot g\u00e4ller inte en Framtidsfullmakt beslut kring medicinsk v\u00e5rd eller tandv\u00e5rd.<\/p>\n\n\n\n<h2 class=\"wp-block-heading\">Varf\u00f6r uppr\u00e4tta en framtidsfullmakt?<\/h2>\n\n\n\n<h3 class=\"wp-block-heading\">1. Trygga din framtid innan det \u00e4r f\u00f6r sent.<\/h3>\n\n\n\n<p>N\u00e4r \u00e5ldern eller sjukdom tagit ut sin r\u00e4tt eller om en olycka h\u00e4nder, kan det vara f\u00f6r sent. Med en framtidsfullmakt undviker du risken att styras av en slumpm\u00e4ssigt utvald god man och du kan ist\u00e4llet sj\u00e4lv v\u00e4lja n\u00e5gon du litar p\u00e5 &#8211; en v\u00e4n eller anh\u00f6rig.<\/p>\n\n\n\n<h3 class=\"wp-block-heading\">2. Underl\u00e4ttar f\u00f6r familjen<\/h3>\n\n\n\n<p>Framtidsfullmakten inneb\u00e4ra en trygghet. D\u00e5 vet dina anh\u00f6riga vem eller vilka som har ansvar f\u00f6r dina personliga och ekonomiska intressen.<\/p>\n\n\n\n<h3 class=\"wp-block-heading\">3. En extra trygghet<\/h3>\n\n\n\n<p>En vanlig fullmakt riskerar att f\u00f6rlora sin giltighet d\u00e5 fullmaktsgivaren har tappat sin f\u00f6rm\u00e5ga att fatta sj\u00e4lvst\u00e4ndiga beslut, exempelvis vid demens. D\u00e4rf\u00f6r \u00e4r det klokt att s\u00e4kra upp med en framtidsfullmakt som b\u00f6rjar g\u00e4lla vid denna tidpunkt.<\/p>\n\n\n\n<h2 class=\"wp-block-heading\">Vi kan hj\u00e4lpa till<\/h2>\n\n\n\n<p>Det enklaste s\u00e4ttet att uppr\u00e4tta en framtidsfullmakt \u00e4r att ta hj\u00e4lp, eftersom det finns formkrav som m\u00e5ste uppfyllas f\u00f6r att den ska vara giltig. Hos oss tr\u00e4ffar du personal med stor kunskap och erfarenhet av familjejuridik.<\/p>\n","protected":false},"excerpt":{"rendered":"<p>Ta hand om dig sj\u00e4lv \u2013 innan n\u00e5gon annan g\u00f6r det. Framtidsfullmakt \u00e4r ett nytt alternativ till god man och f\u00f6rvaltare. Du kan sj\u00e4lv v\u00e4lja vem eller vilka som har r\u00e4tt att fatta beslut \u00e5t dig senare i livet, n\u00e4r du inte l\u00e4ngre sj\u00e4lv har m\u00f6jlighet till detta. Det g\u00e4ller dina personliga och ekonomiska intressen. [&hellip;]<\/p>\n","protected":false},"author":1,"featured_media":0,"parent":711,"menu_order":3,"comment_status":"closed","ping_status":"closed","template":"","meta":{"_acf_changed":false,"footnotes":""},"class_list":["post-542","page","type-page","status-publish","hentry"],"acf":[],"_links":{"self":[{"href":"https:\/\/utveckling.timecutcloud.com\/kinds\/wp-json\/wp\/v2\/pages\/542","targetHints":{"allow":["GET"]}}],"collection":[{"href":"https:\/\/utveckling.timecutcloud.com\/kinds\/wp-json\/wp\/v2\/pages"}],"about":[{"href":"https:\/\/utveckling.timecutcloud.com\/kinds\/wp-json\/wp\/v2\/types\/page"}],"author":[{"embeddable":true,"href":"https:\/\/utveckling.timecutcloud.com\/kinds\/wp-json\/wp\/v2\/users\/1"}],"replies":[{"embeddable":true,"href":"https:\/\/utveckling.timecutcloud.com\/kinds\/wp-json\/wp\/v2\/comments?post=542"}],"version-history":[{"count":2,"href":"https:\/\/utveckling.timecutcloud.com\/kinds\/wp-json\/wp\/v2\/pages\/542\/revisions"}],"predecessor-version":[{"id":710,"href":"https:\/\/utveckling.timecutcloud.com\/kinds\/wp-json\/wp\/v2\/pages\/542\/revisions\/710"}],"up":[{"embeddable":true,"href":"https:\/\/utveckling.timecutcloud.com\/kinds\/wp-json\/wp\/v2\/pages\/711"}],"wp:attachment":[{"href":"https:\/\/utveckling.timecutcloud.com\/kinds\/wp-json\/wp\/v2\/media?parent=542"}],"curies":[{"name":"wp","href":"https:\/\/api.w.org\/{rel}","templated":true}]}}