{"id":551,"date":"2025-03-13T10:49:20","date_gmt":"2025-03-13T09:49:20","guid":{"rendered":"https:\/\/utveckling.timecutcloud.com\/kinds\/?page_id=551"},"modified":"2025-04-14T14:05:05","modified_gmt":"2025-04-14T12:05:05","slug":"min-farfar-och-lammen","status":"publish","type":"page","link":"https:\/\/utveckling.timecutcloud.com\/kinds\/barnbegravning\/min-farfar-och-lammen\/","title":{"rendered":"Min farfar och lammen"},"content":{"rendered":"\n<p>Haralds farfar d\u00f6r pl\u00f6tsligt. Och Harald s\u00f6rjer. De har n\u00e5gra f\u00e5r tillsammans och de f\u00f6rsta lammen har just f\u00f6tts. Vad ska h\u00e4nda med lammen nu? Och vad ska h\u00e4nda med farfar?<\/p>\n\n\n\n<div class=\"wp-block-media-text is-stacked-on-mobile\" style=\"grid-template-columns:25% auto\"><figure class=\"wp-block-media-text__media\"><img loading=\"lazy\" decoding=\"async\" width=\"125\" height=\"158\" src=\"https:\/\/utveckling.timecutcloud.com\/kinds\/wp-content\/uploads\/2025\/03\/Farfar.jpg\" alt=\"\" class=\"wp-image-552 size-full\"\/><\/figure><div class=\"wp-block-media-text__content\">\n<p>Min Farfar och lammen best\u00e5r av tv\u00e5 delar. Den ena \u00e4r Haralds ber\u00e4ttelse om n\u00e4r han som nio\u00e5ring miste sin farfar. Den andra beskriver med enkla ord vad som h\u00e4nder i samband med en begravning fr\u00e5n det \u00f6gonblick n\u00e5gon d\u00f6r, till dess att livet b\u00f6rjar \u00e5terg\u00e5 till det vanliga b\u00e5de f\u00f6r barn och vuxna.<\/p>\n\n\n\n<p>F\u00f6rfattare: Ulf Nilsson<\/p>\n\n\n\n<p>Illustrerad: Jens Ahlbom<\/p>\n<\/div><\/div>\n\n\n\n<p>Du kan h\u00e4mta skriften &#8221;Min farfar och lammen&#8221; gratis hos oss.<\/p>\n","protected":false},"excerpt":{"rendered":"<p>Haralds farfar d\u00f6r pl\u00f6tsligt. Och Harald s\u00f6rjer. De har n\u00e5gra f\u00e5r tillsammans och de f\u00f6rsta lammen har just f\u00f6tts. Vad ska h\u00e4nda med lammen nu? Och vad ska h\u00e4nda med farfar? Min Farfar och lammen best\u00e5r av tv\u00e5 delar. Den ena \u00e4r Haralds ber\u00e4ttelse om n\u00e4r han som nio\u00e5ring miste sin farfar. Den andra beskriver [&hellip;]<\/p>\n","protected":false},"author":1,"featured_media":0,"parent":378,"menu_order":5,"comment_status":"closed","ping_status":"closed","template":"","meta":{"_acf_changed":false,"footnotes":""},"class_list":["post-551","page","type-page","status-publish","hentry"],"acf":[],"_links":{"self":[{"href":"https:\/\/utveckling.timecutcloud.com\/kinds\/wp-json\/wp\/v2\/pages\/551","targetHints":{"allow":["GET"]}}],"collection":[{"href":"https:\/\/utveckling.timecutcloud.com\/kinds\/wp-json\/wp\/v2\/pages"}],"about":[{"href":"https:\/\/utveckling.timecutcloud.com\/kinds\/wp-json\/wp\/v2\/types\/page"}],"author":[{"embeddable":true,"href":"https:\/\/utveckling.timecutcloud.com\/kinds\/wp-json\/wp\/v2\/users\/1"}],"replies":[{"embeddable":true,"href":"https:\/\/utveckling.timecutcloud.com\/kinds\/wp-json\/wp\/v2\/comments?post=551"}],"version-history":[{"count":3,"href":"https:\/\/utveckling.timecutcloud.com\/kinds\/wp-json\/wp\/v2\/pages\/551\/revisions"}],"predecessor-version":[{"id":838,"href":"https:\/\/utveckling.timecutcloud.com\/kinds\/wp-json\/wp\/v2\/pages\/551\/revisions\/838"}],"up":[{"embeddable":true,"href":"https:\/\/utveckling.timecutcloud.com\/kinds\/wp-json\/wp\/v2\/pages\/378"}],"wp:attachment":[{"href":"https:\/\/utveckling.timecutcloud.com\/kinds\/wp-json\/wp\/v2\/media?parent=551"}],"curies":[{"name":"wp","href":"https:\/\/api.w.org\/{rel}","templated":true}]}}