{"id":557,"date":"2025-03-13T10:49:54","date_gmt":"2025-03-13T09:49:54","guid":{"rendered":"https:\/\/utveckling.timecutcloud.com\/kinds\/?page_id=557"},"modified":"2025-04-24T11:11:55","modified_gmt":"2025-04-24T09:11:55","slug":"var-auktorisation","status":"publish","type":"page","link":"https:\/\/utveckling.timecutcloud.com\/kinds\/om-oss-5\/var-auktorisation\/","title":{"rendered":"V\u00e5r auktorisation"},"content":{"rendered":"\n<h4 class=\"wp-block-heading\">V\u00e5r auktorisation \u2013 din trygghet<\/h4>\n\n\n\n<p>Att f\u00e5 hj\u00e4lp av en begravningsbyr\u00e5 som kan sin sak \u00e4r av st\u00f6rsta vikt vid ett d\u00f6dsfall. B\u00e4sta s\u00e4ttet att f\u00f6rs\u00e4kra sig om detta \u00e4r att kontrollera att begravningsbyr\u00e5n \u00e4r auktoriserad. Auktorisationen \u00e4r garantin f\u00f6r att du f\u00e5r r\u00e4tt hj\u00e4lp i en situation n\u00e4r du verkligen beh\u00f6ver det. Kinds Begravningsbyr\u00e5 \u00e4r en av de 400 begravningsbyr\u00e5er i landet som kan erbjuda den trygghet som en auktorisation inneb\u00e4r.<\/p>\n\n\n\n<h4 class=\"wp-block-heading\">Vad kr\u00e4vs f\u00f6r att bli auktoriserad?<\/h4>\n\n\n\n<p>F\u00f6r att bli en auktoriserad begravningsbyr\u00e5 kr\u00e4vs att varje medarbetare genomg\u00e5r den omfattande auktorisationsutbildning som utarbetats av Sveriges Begravningsbyr\u00e5ers F\u00f6rbund. Du kan se v\u00e5r auktorisation som en extra trygghet \u2013 en f\u00f6rs\u00e4kran om att du f\u00e5r r\u00e4tt hj\u00e4lp och att allt det praktiska runt begravningen tas om hand p\u00e5 b\u00e4sta t\u00e4nkbara s\u00e4tt. N\u00e4r det g\u00e4ller etik, tystnadsplikt, arbetsmetoder och prisinformation \u00e4r du garanterad att vi f\u00f6ljer auktorisationens str\u00e4nga regler.<\/p>\n\n\n\n<h4 class=\"wp-block-heading\">Mer om auktorisationskraven<\/h4>\n\n\n\n<p>Vill du ha ytterligare information om alla de krav som st\u00e4lls p\u00e5 oss som auktoriserad begravningsbyr\u00e5 g\u00e5r du enklast in p\u00e5&nbsp;<a href=\"http:\/\/www.begravningar.se\/\" target=\"_blank\" rel=\"noreferrer noopener\">www.begravningar.se<\/a>. Tack vare att det finns auktoriserade begravningsbyr\u00e5er runtom i Sverige, har du alltid n\u00e4ra till en begravningsbyr\u00e5 som kan erbjuda tryggheten som auktorisationen inneb\u00e4r.<\/p>\n\n\n\n<figure class=\"wp-block-image size-full\"><a href=\"https:\/\/www.begravningar.se\" rel=\"noopener\"><img loading=\"lazy\" decoding=\"async\" width=\"83\" height=\"82\" src=\"https:\/\/utveckling.timecutcloud.com\/kinds\/wp-content\/uploads\/2025\/03\/sbf-footer.png\" alt=\"\" class=\"wp-image-89\"\/><\/a><\/figure>\n","protected":false},"excerpt":{"rendered":"<p>V\u00e5r auktorisation \u2013 din trygghet Att f\u00e5 hj\u00e4lp av en begravningsbyr\u00e5 som kan sin sak \u00e4r av st\u00f6rsta vikt vid ett d\u00f6dsfall. B\u00e4sta s\u00e4ttet att f\u00f6rs\u00e4kra sig om detta \u00e4r att kontrollera att begravningsbyr\u00e5n \u00e4r auktoriserad. Auktorisationen \u00e4r garantin f\u00f6r att du f\u00e5r r\u00e4tt hj\u00e4lp i en situation n\u00e4r du verkligen beh\u00f6ver det. Kinds Begravningsbyr\u00e5 [&hellip;]<\/p>\n","protected":false},"author":1,"featured_media":0,"parent":125,"menu_order":3,"comment_status":"closed","ping_status":"closed","template":"","meta":{"_acf_changed":false,"footnotes":""},"class_list":["post-557","page","type-page","status-publish","hentry"],"acf":[],"_links":{"self":[{"href":"https:\/\/utveckling.timecutcloud.com\/kinds\/wp-json\/wp\/v2\/pages\/557","targetHints":{"allow":["GET"]}}],"collection":[{"href":"https:\/\/utveckling.timecutcloud.com\/kinds\/wp-json\/wp\/v2\/pages"}],"about":[{"href":"https:\/\/utveckling.timecutcloud.com\/kinds\/wp-json\/wp\/v2\/types\/page"}],"author":[{"embeddable":true,"href":"https:\/\/utveckling.timecutcloud.com\/kinds\/wp-json\/wp\/v2\/users\/1"}],"replies":[{"embeddable":true,"href":"https:\/\/utveckling.timecutcloud.com\/kinds\/wp-json\/wp\/v2\/comments?post=557"}],"version-history":[{"count":7,"href":"https:\/\/utveckling.timecutcloud.com\/kinds\/wp-json\/wp\/v2\/pages\/557\/revisions"}],"predecessor-version":[{"id":1082,"href":"https:\/\/utveckling.timecutcloud.com\/kinds\/wp-json\/wp\/v2\/pages\/557\/revisions\/1082"}],"up":[{"embeddable":true,"href":"https:\/\/utveckling.timecutcloud.com\/kinds\/wp-json\/wp\/v2\/pages\/125"}],"wp:attachment":[{"href":"https:\/\/utveckling.timecutcloud.com\/kinds\/wp-json\/wp\/v2\/media?parent=557"}],"curies":[{"name":"wp","href":"https:\/\/api.w.org\/{rel}","templated":true}]}}