{"id":45,"date":"2023-10-17T08:36:43","date_gmt":"2023-10-17T06:36:43","guid":{"rendered":"https:\/\/utveckling.timecutcloud.com\/ostgota\/?page_id=45"},"modified":"2023-10-24T16:48:01","modified_gmt":"2023-10-24T14:48:01","slug":"musik-vid-begravning","status":"publish","type":"page","link":"https:\/\/utveckling.timecutcloud.com\/ostgota\/ordna-begravning\/musik-vid-begravning\/","title":{"rendered":"Musik vid begravning"},"content":{"rendered":"\n<p>Musiken vid begravningen spelar en stor roll. Att l\u00e5ta ord och ton tala i v\u00e5rt st\u00e4lle, n\u00e4r vi inte sj\u00e4lva kan s\u00e4tta ord p\u00e5 det vi k\u00e4nner \u00e4r ofta en l\u00e4ttnad. Att medan musiken spelas, l\u00e5ta v\u00e5ra tankar g\u00e5 till den vi har mist.<\/p>\n\n\n\n<p>Musiken kan spegla den avlidne som person, det kan vara den musik som han eller hon sj\u00e4lv alltid lyssnade p\u00e5.<\/p>\n\n\n\n<p>Att v\u00e4lja musik \u00e4r inte l\u00e4tt. N\u00e4r du tr\u00e4ffar den person som ska vara officiant p\u00e5 begravningen&nbsp;kan du f\u00e5 r\u00e5d och hj\u00e4lp.<\/p>\n\n\n\n<p>Som en f\u00f6rberedelse kan du bes\u00f6ka sidan som h\u00e4r l\u00e4nkas till.<\/p>\n\n\n\n<p>V\u00e4ljer ni begravning i <a href=\"https:\/\/utveckling.timecutcloud.com\/ostgota\/ordna-begravning\/kyrklig-begravning\/\" data-type=\"link\" data-id=\"https:\/\/utveckling.timecutcloud.com\/ostgota\/ordna-begravning\/kyrklig-begravning\/\">Svenska kyrkans ordning<\/a> ska tv\u00e5 till tre psalmer vara med i ceremonin.<\/p>\n\n\n\n<p>Det \u00e4r den pr\u00e4st som \u00e4r ansvarig f\u00f6r ceremonin som avg\u00f6r vilka ramar akten ska ha.<\/p>\n\n\n\n<p><a href=\"http:\/\/begravningar.se\/att-ordna-begravning\/musik\" class=\"button is-secondary\" rel=\"noopener\">Exempel av musik vid begravning<\/a><\/p>\n\n\n\n<h2 class=\"wp-block-heading\">Levande musik<\/h2>\n\n\n\n<p>Vid begravning i Svenskan kyrkans ordning har du r\u00e4tt till kyrkomusiker utan kostnad. Musikern \u00e4r dock inte skyldig att sjunga solo.&nbsp;<\/p>\n\n\n\n<p>\u00d6nskas solos\u00e5ng kan vi hj\u00e4lpa till att boka det.<\/p>\n\n\n\n<h2 class=\"wp-block-heading\">Inspelad musik<\/h2>\n\n\n\n<p>Vid <a href=\"https:\/\/utveckling.timecutcloud.com\/ostgota\/ordna-begravning\/borgerlig-begravning\/\" data-type=\"link\" data-id=\"https:\/\/utveckling.timecutcloud.com\/ostgota\/ordna-begravning\/borgerlig-begravning\/\">borgliga begravningar<\/a> i v\u00e5rt del av l\u00e4net \u00e4r det vanligast med inspelad musik, men ibland hyrs det in musiker.\u00a0<\/p>\n\n\n\n<p>\u00c4ven vid begravningar i kyrkor \u00e4r det vanligt med inspelad musik, men det \u00e4r inte till\u00e5tet i alla kyrkor.&nbsp;Spotify \u00e4r inte till\u00e5tet att spela vid offentliga samlingar vilket begravningar r\u00e4knas som, d\u00e5 kan vi p\u00e5 byr\u00e5n ist\u00e4llet k\u00f6pa hem musiken.<\/p>\n","protected":false},"excerpt":{"rendered":"<p>Musiken vid begravningen spelar en stor roll. Att l\u00e5ta ord och ton tala i v\u00e5rt st\u00e4lle, n\u00e4r vi inte sj\u00e4lva kan s\u00e4tta ord p\u00e5 det vi k\u00e4nner \u00e4r ofta en l\u00e4ttnad. Att medan musiken spelas, l\u00e5ta v\u00e5ra tankar g\u00e5 till den vi har mist. Musiken kan spegla den avlidne som person, det kan vara den [&hellip;]<\/p>\n","protected":false},"author":1,"featured_media":0,"parent":35,"menu_order":0,"comment_status":"closed","ping_status":"closed","template":"","meta":{"footnotes":""},"class_list":["post-45","page","type-page","status-publish","hentry"],"acf":[],"_links":{"self":[{"href":"https:\/\/utveckling.timecutcloud.com\/ostgota\/wp-json\/wp\/v2\/pages\/45","targetHints":{"allow":["GET"]}}],"collection":[{"href":"https:\/\/utveckling.timecutcloud.com\/ostgota\/wp-json\/wp\/v2\/pages"}],"about":[{"href":"https:\/\/utveckling.timecutcloud.com\/ostgota\/wp-json\/wp\/v2\/types\/page"}],"author":[{"embeddable":true,"href":"https:\/\/utveckling.timecutcloud.com\/ostgota\/wp-json\/wp\/v2\/users\/1"}],"replies":[{"embeddable":true,"href":"https:\/\/utveckling.timecutcloud.com\/ostgota\/wp-json\/wp\/v2\/comments?post=45"}],"version-history":[{"count":6,"href":"https:\/\/utveckling.timecutcloud.com\/ostgota\/wp-json\/wp\/v2\/pages\/45\/revisions"}],"predecessor-version":[{"id":307,"href":"https:\/\/utveckling.timecutcloud.com\/ostgota\/wp-json\/wp\/v2\/pages\/45\/revisions\/307"}],"up":[{"embeddable":true,"href":"https:\/\/utveckling.timecutcloud.com\/ostgota\/wp-json\/wp\/v2\/pages\/35"}],"wp:attachment":[{"href":"https:\/\/utveckling.timecutcloud.com\/ostgota\/wp-json\/wp\/v2\/media?parent=45"}],"curies":[{"name":"wp","href":"https:\/\/api.w.org\/{rel}","templated":true}]}}