{"id":51,"date":"2023-10-17T08:40:54","date_gmt":"2023-10-17T06:40:54","guid":{"rendered":"https:\/\/utveckling.timecutcloud.com\/ostgota\/?page_id=51"},"modified":"2023-10-24T12:15:39","modified_gmt":"2023-10-24T10:15:39","slug":"dodsannons","status":"publish","type":"page","link":"https:\/\/utveckling.timecutcloud.com\/ostgota\/ordna-begravning\/dodsannons\/","title":{"rendered":"D\u00f6dsannons"},"content":{"rendered":"\n<p>Det \u00e4r viktigt att tala om f\u00f6r v\u00e4nner, grannar, arbetskamrater, skolkamrater m.fl. att d\u00f6dsfallet har \u00e4gt rum. Det kan man g\u00f6ra med en d\u00f6dsannons. Om du inte vet vad som ska st\u00e5 i d\u00f6dsannonsen&nbsp;kan du f\u00e5 hj\u00e4lp av oss. Vi g\u00f6r annonsen tillsammans med dig och g\u00e5r sedan igenom den gemensamt&nbsp;s\u00e5 att ingenting blir fel.<\/p>\n\n\n\n<p>En begravning i Svenska kyrkans ordning \u00e4r en offentlig handling, det g\u00e5r inte att st\u00e4nga n\u00e5gon ute fr\u00e5n en kyrka eller ett kapell. \u00d6nskar du att begravningen sker i kretsen av de n\u00e4rmaste, kan det st\u00e5 som avslutning i annonsen. D\u00e5 respekterar folk de anh\u00f6rigas \u00f6nskan. Alternativt kan man s\u00e4tta ut tid och plats f\u00f6r begravningen, d\u00e5 \u00e4r alla som vill v\u00e4lkomna. Den som \u00e4r f\u00f6rhindrad kan \u00e4nd\u00e5 hedra den d\u00f6de genom att skicka en blomma eller sk\u00e4nka en g\u00e5va till n\u00e5gon minnesfond.<\/p>\n\n\n\n<p>Funderar du \u00f6ver vilken symbol ska finnas \u00f6verst i annonsen? Vi har en stor symbolf\u00f6rteckning som vi hj\u00e4lper dig att v\u00e4lja ur. Vill du&nbsp;kan du rita n\u00e5got sj\u00e4lv eller anv\u00e4nda en bild du sj\u00e4lv har fotat. Det \u00e4r du sj\u00e4lv som avg\u00f6r. M\u00e5nga av de symboler som f\u00f6rekommer har en betydelse. Korset \u00e4r kristendomens fr\u00e4msta symbol &#8211; det symboliserar uppst\u00e5ndelsen. Liljan st\u00e5r f\u00f6r jordelivets f\u00f6rg\u00e4nglighet, axet det spirande livet och rosen uppst\u00e5ndelse och evig v\u00e5r. Har du fr\u00e5gor om symboler och deras betydelse, kom till oss s\u00e5 ska vi f\u00f6rs\u00f6ka svara.<\/p>\n\n\n\n<p>Ett alternativ till d\u00f6dsannons i dagspressen&nbsp;kan vara att publicera den enbart p\u00e5 Familjesidan.se och sedan sprida den via sociala medier.<\/p>\n\n\n\n<p>H\u00e4r kan du b\u00f6rja f\u00f6rbereda annonsen:<\/p>\n\n\n\n<p><a href=\"https:\/\/utveckling.timecutcloud.com\/ostgota\/ordna-begravning\/forbered-en-annons\/\" data-type=\"link\" data-id=\"https:\/\/utveckling.timecutcloud.com\/ostgota\/ordna-begravning\/forbered-en-annons\/\" class=\"button\">F\u00f6rbered annons<\/a><\/p>\n","protected":false},"excerpt":{"rendered":"<p>Det \u00e4r viktigt att tala om f\u00f6r v\u00e4nner, grannar, arbetskamrater, skolkamrater m.fl. att d\u00f6dsfallet har \u00e4gt rum. Det kan man g\u00f6ra med en d\u00f6dsannons. Om du inte vet vad som ska st\u00e5 i d\u00f6dsannonsen&nbsp;kan du f\u00e5 hj\u00e4lp av oss. Vi g\u00f6r annonsen tillsammans med dig och g\u00e5r sedan igenom den gemensamt&nbsp;s\u00e5 att ingenting blir fel. [&hellip;]<\/p>\n","protected":false},"author":1,"featured_media":0,"parent":35,"menu_order":0,"comment_status":"closed","ping_status":"closed","template":"","meta":{"footnotes":""},"class_list":["post-51","page","type-page","status-publish","hentry"],"acf":[],"_links":{"self":[{"href":"https:\/\/utveckling.timecutcloud.com\/ostgota\/wp-json\/wp\/v2\/pages\/51","targetHints":{"allow":["GET"]}}],"collection":[{"href":"https:\/\/utveckling.timecutcloud.com\/ostgota\/wp-json\/wp\/v2\/pages"}],"about":[{"href":"https:\/\/utveckling.timecutcloud.com\/ostgota\/wp-json\/wp\/v2\/types\/page"}],"author":[{"embeddable":true,"href":"https:\/\/utveckling.timecutcloud.com\/ostgota\/wp-json\/wp\/v2\/users\/1"}],"replies":[{"embeddable":true,"href":"https:\/\/utveckling.timecutcloud.com\/ostgota\/wp-json\/wp\/v2\/comments?post=51"}],"version-history":[{"count":4,"href":"https:\/\/utveckling.timecutcloud.com\/ostgota\/wp-json\/wp\/v2\/pages\/51\/revisions"}],"predecessor-version":[{"id":283,"href":"https:\/\/utveckling.timecutcloud.com\/ostgota\/wp-json\/wp\/v2\/pages\/51\/revisions\/283"}],"up":[{"embeddable":true,"href":"https:\/\/utveckling.timecutcloud.com\/ostgota\/wp-json\/wp\/v2\/pages\/35"}],"wp:attachment":[{"href":"https:\/\/utveckling.timecutcloud.com\/ostgota\/wp-json\/wp\/v2\/media?parent=51"}],"curies":[{"name":"wp","href":"https:\/\/api.w.org\/{rel}","templated":true}]}}