{"id":60,"date":"2023-10-17T08:46:52","date_gmt":"2023-10-17T06:46:52","guid":{"rendered":"https:\/\/utveckling.timecutcloud.com\/ostgota\/?page_id=60"},"modified":"2023-10-24T12:16:49","modified_gmt":"2023-10-24T10:16:49","slug":"gravsten","status":"publish","type":"page","link":"https:\/\/utveckling.timecutcloud.com\/ostgota\/ordna-begravning\/gravsten\/","title":{"rendered":"Gravsten"},"content":{"rendered":"\n<p>Att resa en gravsten eller annat minnesm\u00e4rke \u00f6ver n\u00e5gon som har levt \u00e4r en mycket gammal tradition. En gravsten kan ber\u00e4tta en historia om den som ligger i graven eller bara med namn bekr\u00e4fta vem som \u00e4r gravs\u00e4tt h\u00e4r. Gravstenar finns i&nbsp;m\u00e5nga olika material och utf\u00f6randen.<\/p>\n\n\n\n<p>Som <a href=\"https:\/\/utveckling.timecutcloud.com\/ostgota\/om-oss\/auktorisation\/\" data-type=\"link\" data-id=\"https:\/\/utveckling.timecutcloud.com\/ostgota\/om-oss\/auktorisation\/\">auktoriserad begravningsbyr\u00e5<\/a> har vi kunnande och kompetens f\u00f6r att hj\u00e4lpa till med valet av gravsten. Vi har broschyrer d\u00e4r du kan se vad som passar dig b\u00e4st.<\/p>\n","protected":false},"excerpt":{"rendered":"<p>Att resa en gravsten eller annat minnesm\u00e4rke \u00f6ver n\u00e5gon som har levt \u00e4r en mycket gammal tradition. En gravsten kan ber\u00e4tta en historia om den som ligger i graven eller bara med namn bekr\u00e4fta vem som \u00e4r gravs\u00e4tt h\u00e4r. Gravstenar finns i&nbsp;m\u00e5nga olika material och utf\u00f6randen. Som auktoriserad begravningsbyr\u00e5 har vi kunnande och kompetens f\u00f6r [&hellip;]<\/p>\n","protected":false},"author":1,"featured_media":0,"parent":35,"menu_order":0,"comment_status":"closed","ping_status":"closed","template":"","meta":{"footnotes":""},"class_list":["post-60","page","type-page","status-publish","hentry"],"acf":[],"_links":{"self":[{"href":"https:\/\/utveckling.timecutcloud.com\/ostgota\/wp-json\/wp\/v2\/pages\/60","targetHints":{"allow":["GET"]}}],"collection":[{"href":"https:\/\/utveckling.timecutcloud.com\/ostgota\/wp-json\/wp\/v2\/pages"}],"about":[{"href":"https:\/\/utveckling.timecutcloud.com\/ostgota\/wp-json\/wp\/v2\/types\/page"}],"author":[{"embeddable":true,"href":"https:\/\/utveckling.timecutcloud.com\/ostgota\/wp-json\/wp\/v2\/users\/1"}],"replies":[{"embeddable":true,"href":"https:\/\/utveckling.timecutcloud.com\/ostgota\/wp-json\/wp\/v2\/comments?post=60"}],"version-history":[{"count":3,"href":"https:\/\/utveckling.timecutcloud.com\/ostgota\/wp-json\/wp\/v2\/pages\/60\/revisions"}],"predecessor-version":[{"id":285,"href":"https:\/\/utveckling.timecutcloud.com\/ostgota\/wp-json\/wp\/v2\/pages\/60\/revisions\/285"}],"up":[{"embeddable":true,"href":"https:\/\/utveckling.timecutcloud.com\/ostgota\/wp-json\/wp\/v2\/pages\/35"}],"wp:attachment":[{"href":"https:\/\/utveckling.timecutcloud.com\/ostgota\/wp-json\/wp\/v2\/media?parent=60"}],"curies":[{"name":"wp","href":"https:\/\/api.w.org\/{rel}","templated":true}]}}