{"id":62,"date":"2023-10-17T08:49:04","date_gmt":"2023-10-17T06:49:04","guid":{"rendered":"https:\/\/utveckling.timecutcloud.com\/ostgota\/?page_id=62"},"modified":"2024-01-09T16:04:43","modified_gmt":"2024-01-09T15:04:43","slug":"prisexempel-och-prislista","status":"publish","type":"page","link":"https:\/\/utveckling.timecutcloud.com\/ostgota\/ordna-begravning\/prisexempel-och-prislista\/","title":{"rendered":"Prisexempel och prislista"},"content":{"rendered":"\n<p>Vad en begravning kostar beror mycket p\u00e5 vad du som anh\u00f6rig g\u00f6r f\u00f6r val.&nbsp; Begravningen betalas med den avlidnes egna pengar. Om den d\u00f6de inte har n\u00e5gra egna tillg\u00e5ngar kan man v\u00e4nda sig till den kommun d\u00e4r den d\u00f6de var folkbokf\u00f6rd f\u00f6r ekonomiskt bist\u00e5nd. Kommunerna har lite olika niv\u00e5er f\u00f6r vad en begravning f\u00e5r kosta.<\/p>\n\n\n\n<h2 class=\"wp-block-heading\">H\u00e4r nedan kan du se v\u00e5r prislista och prisexempel<\/h2>\n\n\n\n<p>Om du funderar \u00f6ver kostnaden f\u00f6r en begravning \u00e4r det alltid b\u00e4st att ta en kontakt med oss p\u00e5 begravningsbyr\u00e5n s\u00e5 att vi kan f\u00f6rklara de olika posterna.<\/p>\n\n\n\n<p><a href=\"https:\/\/utveckling.timecutcloud.com\/ostgota\/wp-content\/uploads\/2024\/01\/Prislista-2024.pdf\" data-type=\"link\" data-id=\"https:\/\/utveckling.timecutcloud.com\/ostgota\/wp-content\/uploads\/2024\/01\/Prislista-2024.pdf\">Prislista<\/a><br><a href=\"https:\/\/utveckling.timecutcloud.com\/ostgota\/wp-content\/uploads\/2024\/01\/Prisexempel-2024.pdf\" data-type=\"link\" data-id=\"https:\/\/utveckling.timecutcloud.com\/ostgota\/wp-content\/uploads\/2024\/01\/Prisexempel-2024.pdf\">Prisexempel<\/a><\/p>\n","protected":false},"excerpt":{"rendered":"<p>Vad en begravning kostar beror mycket p\u00e5 vad du som anh\u00f6rig g\u00f6r f\u00f6r val.&nbsp; Begravningen betalas med den avlidnes egna pengar. Om den d\u00f6de inte har n\u00e5gra egna tillg\u00e5ngar kan man v\u00e4nda sig till den kommun d\u00e4r den d\u00f6de var folkbokf\u00f6rd f\u00f6r ekonomiskt bist\u00e5nd. Kommunerna har lite olika niv\u00e5er f\u00f6r vad en begravning f\u00e5r kosta. [&hellip;]<\/p>\n","protected":false},"author":1,"featured_media":0,"parent":35,"menu_order":0,"comment_status":"closed","ping_status":"closed","template":"","meta":{"footnotes":""},"class_list":["post-62","page","type-page","status-publish","hentry"],"acf":[],"_links":{"self":[{"href":"https:\/\/utveckling.timecutcloud.com\/ostgota\/wp-json\/wp\/v2\/pages\/62","targetHints":{"allow":["GET"]}}],"collection":[{"href":"https:\/\/utveckling.timecutcloud.com\/ostgota\/wp-json\/wp\/v2\/pages"}],"about":[{"href":"https:\/\/utveckling.timecutcloud.com\/ostgota\/wp-json\/wp\/v2\/types\/page"}],"author":[{"embeddable":true,"href":"https:\/\/utveckling.timecutcloud.com\/ostgota\/wp-json\/wp\/v2\/users\/1"}],"replies":[{"embeddable":true,"href":"https:\/\/utveckling.timecutcloud.com\/ostgota\/wp-json\/wp\/v2\/comments?post=62"}],"version-history":[{"count":5,"href":"https:\/\/utveckling.timecutcloud.com\/ostgota\/wp-json\/wp\/v2\/pages\/62\/revisions"}],"predecessor-version":[{"id":336,"href":"https:\/\/utveckling.timecutcloud.com\/ostgota\/wp-json\/wp\/v2\/pages\/62\/revisions\/336"}],"up":[{"embeddable":true,"href":"https:\/\/utveckling.timecutcloud.com\/ostgota\/wp-json\/wp\/v2\/pages\/35"}],"wp:attachment":[{"href":"https:\/\/utveckling.timecutcloud.com\/ostgota\/wp-json\/wp\/v2\/media?parent=62"}],"curies":[{"name":"wp","href":"https:\/\/api.w.org\/{rel}","templated":true}]}}